ivided by 1?
0
What is the remainder when 177 is divided by ((-39)/7 - -6) + (-274)/(-14)?
17
Suppose -4*a = -3*p - 2040, -5*a + 3217 = -4*p + 666. Calculate the remainder when a is divided by 16.
11
Let l be (3 - 4/12)/((-8)/(-444)). Let k = l + -107. What is the remainder when k is divided by 11?
8
Suppose -m - 2*m = -63. Let n = m + -21. Suppose 2*s = -n*s + 6. What is the remainder when 10 is divided by s?
1
Let x = 18 - 14. Suppose 65 = v + x*v. What is the remainder when (-95)/(-2) + 2/4 is divided by v?
9
Let d = -706 + 887. What is the remainder when d is divided by 28?
13
Suppose 14 = 3*h - 5*s + 59, -2*s = 6. Let m = h - -19. What is the remainder when m/5 - (-42)/10 is divided by 2?
0
Suppose 120 = -429*p + 430*p. Calculate the remainder when p is divided by 49.
22
Suppose 2*j + 2*g = 58, -60 = -4*j - 3*g + 51. Let r = j + -9. What is the remainder when 56 is divided by r?
11
Let m(q) = q**2 - q - 182. Calculate the remainder when m(15) is divided by 3.
1
Suppose 4*q + 8 = -2*z - 2*z, -3*z + q = 26. Let b(c) = -c**3 - 6*c**2 + 5*c + 5. What is the remainder when b(z) is divided by 12?
7
Suppose -61 = -z - m - 2*m, 0 = 3*z - 4*m - 118. Let r(f) = -f**3 - 8*f**2 - 10*f - 5. Calculate the remainder when z is divided by r(-7).
14
Suppose 0 = 3*c - c + 4*i - 116, -5*i = -c + 86. Let y = -19 + 36. What is the remainder when c is divided by y?
15
Let w = 936 - 919. Calculate the remainder when 572 is divided by w.
11
Let f(n) = -n**2 - 16*n - 15. Calculate the remainder when 143 is divided by f(-9).
47
Let o = 6 - 1. Suppose 12 = o*j - 2*j. Suppose 3*m + j*d - 62 - 25 = 0, -3*m + 60 = -5*d. Calculate the remainder when 74 is divided by m.
24
Suppose 4*q - q + 2*q = 0. Suppose 11*a - 8*a - 381 = q. Calculate the remainder when a is divided by 34.
25
Let q be 9/(58/(-32) + 2). What is the remainder when (-1)/(55/(-68) - q/(-64)) is divided by 9?
8
Let n = 1044 - 499. What is the remainder when n is divided by 42?
41
Suppose 0 = -87*n + 84*n + 78. What is the remainder when 84 is divided by n?
6
Suppose -13*l + 14 + 12 = 0. Suppose -i - 3*u = -6*u + 4, u = -l*i + 13. Calculate the remainder when i is divided by 5.
0
Let v = -1659 + 1680. What is the remainder when 332 is divided by v?
17
Suppose 248 = 4*d + 108. Calculate the remainder when d is divided by 16.
3
Let v(j) = -3*j**3 - j**2 + 4*j + 5. What is the remainder when 200 is divided by v(-2)?
13
Let f(m) = 2*m. Suppose 2*y - 16 = -2*y. Calculate the remainder when f(y) is divided by 3 + -1 + 4 + -2.
0
Let g = 81 - 95. Calculate the remainder when 22 is divided by (-8 - g)/((-3)/(-4)).
6
Let z(a) be the third derivative of a**4/24 - 2*a**3/3 - 9*a**2. Let o be z(-8). Let h = o - -18. What is the remainder when 17 is divided by h?
5
Suppose -588 = 5*d + 3*p, 3*p - 544 + 79 = 4*d. Let u = d + 121. What is the remainder when 14 is divided by u?
2
Let p be (-162)/(-4) - 5/(-10). Suppose -4*b + 27 = -p. Calculate the remainder when 33 is divided by b.
16
Let d = -156 - -476. What is the remainder when d is divided by 316?
4
Suppose -k + 25 = 3*g, -4*g = -3*k - 3*g + 75. Calculate the remainder when 1572 is divided by k.
22
Let x(w) = 3*w + 9. Let a be 2/(((-8)/2)/8). Let r be x(a). What is the remainder when 29 is divided by r - -1 - -18*1?
13
Suppose 5*l = 5, -2*u - l = 2*l - 9. Let m = 1446 - 1379. Calculate the remainder when m is divided by 1 + 16 + (u - 3).
16
Suppose -7*g + 9*g + 50 = t, 229 = 5*t - 3*g. Calculate the remainder when 84 is divided by t.
40
Suppose -4*b = 2*b - 18. Suppose -i = -5*d + b + 4, 5*i - 5*d - 5 = 0. What is the remainder when 2/7 - (-40)/7 is divided by i?
0
Suppose k + 3*k = -2*f + 40, -4*f + 101 = k. Let u(m) be the third derivative of -m**4/4 - m**3/2 - 2*m**2. Calculate the remainder when f is divided by u(-2).
8
Let c(r) = -10*r + 19. Let n be (-11)/((-55)/(-50))*(0 - -1). What is the remainder when c(n) is divided by 40?
39
Let d = -28 - 44. Let l = -43 - d. What is the remainder when l is divided by 6?
5
Suppose 15 + 17 = -2*j - 3*t, 0 = -5*j - 5*t - 90. Suppose 4*r - 84 = -5*a, -51 = -2*a - r - 18. Let q = a - j. What is the remainder when q is divided by 13?
12
Let j = -564 + 644. What is the remainder when 289 is divided by j?
49
Let l(y) = -y**2 - 3*y + 4. Let g be l(-5). Let f = g + 16. What is the remainder when f is divided by (-20)/15*(-9)/6 + 2?
2
Let n = 205 - 191. What is the remainder when 194 is divided by n?
12
Let g(o) = 3*o**2 - 15*o + 17. Suppose 3*n + 0*n - 32 = -4*r, -5*r = -3*n - 13. Calculate the remainder when 30 is divided by g(r).
13
Suppose -2*m + 6 = 2*l, -l + 9 = -m + 5*m. Calculate the remainder when 15 - (-2 - l*(2 + -4)) is divided by 8.
7
Let x = 1090 - 1051. Calculate the remainder when 310 is divided by x.
37
Suppose -2*k + 6*k = 28. Suppose -2*q - 104 = -6*q. What is the remainder when q is divided by k?
5
Let h be ((-2)/(-6))/((-3)/(-198)). Let f = 44 - h. What is the remainder when (189/15)/((-2)/(-10)) is divided by f?
19
Let r(i) = i**3 - 8*i**2 + 28*i - 1. Calculate the remainder when r(5) is divided by 15.
4
Let p(y) = -3*y - y**2 - 8*y - 7*y + 25*y + 35. Let r(u) = 18*u**2 - 2*u - 2. What is the remainder when r(2) is divided by p(9)?
15
Let s = 1452 - 1432. Calculate the remainder when 219 is divided by s.
19
Let y = 7 + -17. What is the remainder when 15 is divided by (1 + 6/y)/(18/180)?
3
Let b(j) = -20*j**3 + 9*j**2 + 6*j - 3. Suppose 5*l + 167 = 4*q, -6 = 3*l - l. Calculate the remainder when q is divided by b(-1).
18
Let a(v) be the second derivative of v**4/12 - v**3/3 - 2*v**2 + 8*v. Calculate the remainder when 21 is divided by a(-3).
10
Suppose m + 67 = 5*o + 22, 2*o = 4*m. Calculate the remainder when (-46 - 0)/(2/(-3)) is divided by o.
9
Let d = 37 + -23. What is the remainder when 26 is divided by d?
12
Let a(l) = 33*l + 32. Calculate the remainder when 248 is divided by a(1).
53
Let z(n) = -613*n**3 + 3*n**2 - 3. Calculate the remainder when z(-1) is divided by 56.
53
Suppose -49 = s - 2*u, -3*s - 2*s + 4*u - 227 = 0. What is the remainder when 3 + 2 + -9 - s is divided by 20?
19
Let u(f) = 20*f**2 + 6*f - 6. What is the remainder when u(2) is divided by 18?
14
Suppose s + 3 = 6. Suppose f = -s*f - 60. Let a = 44 + f. What is the remainder when a is divided by 10?
9
Let s(l) = l**2 + 2*l - 16. Let v(d) = d**3 + d**2 - d + 21. What is the remainder when s(-11) is divided by v(0)?
20
Suppose -3*o - 178 = 2*i, 5*i + 3*o + 272 = -182. Calculate the remainder when 41 is divided by 12*(-4 + i/(-16)).
20
Let a(s) = s**2 + 10*s + 12. Let h = 6 - 12. Let k = h - 3. Calculate the remainder when 6 is divided by a(k).
0
Suppose 2*i - 3*o = 23 + 78, i = 5*o + 54. Let v = -50 + 76. Calculate the remainder when i is divided by v.
23
What is the remainder when 88 is divided by 18/(-21)*420/(-8)?
43
Let s = 166 - 141. Let p = 120 - s. Calculate the remainder when p is divided by 33.
29
Suppose 0*s + 20 = 5*s - 2*p, -3*s = -p - 11. Calculate the remainder when -2*(-2)/((-8)/(-18)) is divided by (-3)/((-9)/s)*30/5.
1
Suppose -4*r = -2*r + 78. Let t = r - -69. What is the remainder when 58 is divided by t?
28
Let o(m) = m**3 + 7*m**2 + m + 5. Suppose 4*q + 5 = -7. What is the remainder when o(q) is divided by 8?
6
Let p(w) = -9*w - 122. Calculate the remainder when p(-24) is divided by 7.
3
Let d = 2 + 0. Let k be 33/7 - (-10)/35. Suppose d*w - 20 = -2*h, -w + k*w = -5*h + 51. Calculate the remainder when 32 is divided by h.
10
Suppose -5*y + 0*h = 4*h - 82, 2*h = -5*y + 76. Suppose 13*b + 26 = 14*b. Calculate the remainder when b is divided by y.
12
Let q = 490 - -433. Calculate the remainder when q is divided by 103.
99
Suppose 2*c = 15 - 7, 0 = 5*q + c - 39. What is the remainder when 111 is divided by q?
6
Suppose 63*k - 3*k - 5880 = 0. Calculate the remainder when 678 is divided by k.
90
Suppose -4*q = -5*q + 3. Let s(z) = 2*z**2 - 1 + q - 6 + 3*z. Calculate the remainder when 91 is divided by s(-5).
29
Suppose -2*f - 4*s + 3 = -37, 4*f - s - 35 = 0. What is the remainder when 33 is divided by f?
3
Suppose 0 = 2*u - 2*p - 960, -2*u = -7*u - 5*p + 2380. Calculate the remainder when u is divided by 48.
46
Let l be 2/8*-22*-4. Let k = -15 + l. Let a = 2 + k. Calculate the remainder when a is divided by 4.
1
Supp